{"id":8,"date":"2018-05-13T23:11:16","date_gmt":"2018-05-13T21:11:16","guid":{"rendered":"http:\/\/cryptoferox.fr\/?page_id=8"},"modified":"2021-06-08T00:11:22","modified_gmt":"2021-06-07T22:11:22","slug":"a-propos-de","status":"publish","type":"page","link":"https:\/\/cryptoferox.fr\/?page_id=8","title":{"rendered":"\u00c0 propos de"},"content":{"rendered":"<p>Article \u00e0 compl\u00e9ter<\/p>\n","protected":false},"excerpt":{"rendered":"<p>Article \u00e0 compl\u00e9ter<\/p>\n","protected":false},"author":1,"featured_media":35,"parent":0,"menu_order":0,"comment_status":"closed","ping_status":"closed","template":"","meta":[],"_links":{"self":[{"href":"https:\/\/cryptoferox.fr\/index.php?rest_route=\/wp\/v2\/pages\/8"}],"collection":[{"href":"https:\/\/cryptoferox.fr\/index.php?rest_route=\/wp\/v2\/pages"}],"about":[{"href":"https:\/\/cryptoferox.fr\/index.php?rest_route=\/wp\/v2\/types\/page"}],"author":[{"embeddable":true,"href":"https:\/\/cryptoferox.fr\/index.php?rest_route=\/wp\/v2\/users\/1"}],"replies":[{"embeddable":true,"href":"https:\/\/cryptoferox.fr\/index.php?rest_route=%2Fwp%2Fv2%2Fcomments&post=8"}],"version-history":[{"count":2,"href":"https:\/\/cryptoferox.fr\/index.php?rest_route=\/wp\/v2\/pages\/8\/revisions"}],"predecessor-version":[{"id":436,"href":"https:\/\/cryptoferox.fr\/index.php?rest_route=\/wp\/v2\/pages\/8\/revisions\/436"}],"wp:featuredmedia":[{"embeddable":true,"href":"https:\/\/cryptoferox.fr\/index.php?rest_route=\/wp\/v2\/media\/35"}],"wp:attachment":[{"href":"https:\/\/cryptoferox.fr\/index.php?rest_route=%2Fwp%2Fv2%2Fmedia&parent=8"}],"curies":[{"name":"wp","href":"https:\/\/api.w.org\/{rel}","templated":true}]}}